d 128?
16
Suppose 2*g = 13 - 3. Suppose 0 = -5*z + 33 - 8. Calculate the highest common factor of g and z.
5
Suppose 140 = y + 2*l, 7*y - 5*l = 3*y + 612. What is the highest common factor of 333 and y?
37
Let k = -17 - 9. Let v = 36 + k. What is the highest common factor of 40 and v?
10
Let j(t) = -t**3 - 10*t**2 + 20*t - 21. Let k be j(-12). What is the greatest common factor of 72 and k?
9
Let w = 270 - 259. What is the highest common factor of w and 121?
11
Let x(b) = b**3 - 6*b**2 + 5*b - 4. Let o be x(5). Let u be (4 + o)*(-2)/(-4). Suppose 3*s + 2*s - 90 = u. Calculate the greatest common factor of s and 45.
9
Let l(w) = -13*w - 230. Let m be l(-18). Calculate the greatest common divisor of 1044 and m.
4
Let q(z) = 2*z - 8. Let w be q(10). Suppose -w*l + 84 = -10*l. Calculate the greatest common divisor of l and 14.
14
Let x be (-10 - -13)/((-6)/(-788)). Suppose 4*m - x + 118 = 0. Suppose -5*s = -m - 16. Calculate the greatest common divisor of s and 17.
17
Suppose n - 82 = -4*i - n, 4*n - 98 = -5*i. Suppose -i = 5*l - 157. Calculate the greatest common divisor of l and 6.
3
Let t(j) = 4*j**3 - 2*j**2 + 2. Let r be t(2). Let d = r - 23. Calculate the highest common factor of d and 2.
1
Suppose 0 = -5*c + 9*c - 216. Suppose 5*x = -w + c, 5*x = -4*w - 13 + 64. Calculate the highest common factor of 11 and x.
11
Let w(d) = 45*d - 15. Suppose -18 + 9 = -3*u. Let o be w(u). Calculate the highest common divisor of o and 40.
40
Let p(m) = 118*m**2 - 3*m + 6. Let q be p(1). What is the greatest common factor of 11 and q?
11
Let g(l) = 7*l**2 - 28*l + 12. Let v be g(6). What is the greatest common divisor of 18 and v?
6
Suppose 1802 = 8*s - 630. What is the greatest common divisor of 209 and s?
19
Let h be (18/4)/((-6)/16). Let s be (-6)/((45/h)/5). Suppose -3*u - s = -4*x, -u - u - 2 = -2*x. What is the greatest common factor of 40 and x?
5
Suppose -l - 5 = 0, -2*b - 1 = -5*b - l. Suppose 4*k = -0*k. Suppose k = 2*p - 2 - 2. Calculate the highest common factor of b and p.
2
Suppose -5*x + 205 = -195. Let g = 87 + -167. Let o be (24/(-10))/(6/g). Calculate the greatest common factor of o and x.
16
Let f(u) = -u**2 + 3*u**2 - 3*u**2 + 2*u**2 - 9 - 7*u. Let i be f(-4). Let q be 4/2*49/14. Calculate the greatest common factor of q and i.
7
Let y(v) = -31*v - 3. Let i be y(-3). Let h(d) = -d**2 - 5*d + 6. Let z be h(-5). Suppose 4*k = -z + 46. What is the highest common divisor of i and k?
10
Let w(f) = 7*f - 3. Let v be w(4). Let k be 15/((-4)/12*3/(-5)). What is the greatest common divisor of k and v?
25
Let t be 71 + (-1 - (12 - 6)). What is the highest common factor of t and 1472?
64
Let y(i) = -i**2 - 6*i - 2 - 2*i - 3*i - 8. Let d be y(-9). Suppose -4*l - l = -10. Calculate the greatest common divisor of l and d.
2
Let q(c) = 33*c**3 - 4*c**2 + 6*c - 3. Let n be q(1). Let k(o) = -o**3 - 6*o**2 - 4*o - 8. Let z be k(-6). What is the highest common divisor of z and n?
16
Let u(a) = -9*a - 1. Let z be (-505)/55 - (3 + 105/(-33)). Let t be u(z). What is the highest common factor of t and 32?
16
Suppose 5*j - 12 = m, -3*m - 3*j = -0*m. Let i be 115 - (3 - m/2). What is the highest common divisor of 74 and i?
37
Let n = -7 + 11. Let j be (564/9)/(-4)*-3. Let o be 1/n - j/(-4). What is the greatest common factor of o and 96?
12
Let z = 100 + -91. Suppose -87 = -2*o + z. What is the highest common factor of o and 16?
16
Let n be 374/8 - (-1)/4. Let y = 95 - n. Calculate the highest common divisor of 16 and y.
16
Suppose 3*s - o - 31 = 0, 5*s + 2*o + 23 - 60 = 0. Let u(v) = -v**3 + 4*v**2 + 10*v - 7. Let w be u(5). What is the greatest common divisor of w and s?
9
Let c(x) = x**2 - 2*x. Let s be c(2). Suppose s = -m - 4*m. Let v(g) = g**2 + g + 5. Let b be v(m). What is the highest common factor of b and 5?
5
Suppose 5*o = -2*o - 35. Let m be (-2756)/(-65) - (-2)/o. What is the highest common factor of m and 105?
21
Suppose -6*w = -4*w + 208. Let p = -54 - w. Let d be (-1)/(1 - (-42)/(-40)). Calculate the highest common factor of d and p.
10
Suppose -5*o = -c + 3*c - 148, 2 = -2*c. Suppose 0 = -u + 76 - o. Suppose -23 = -b + 2*j, -b + 0*j + 23 = 4*j. What is the greatest common divisor of b and u?
23
Let i(m) = -m**2 + 18*m - 11. Let w be i(19). Let b be (w/(-4) - 2)*(2 - -24). Calculate the greatest common factor of b and 13.
13
Let a = 71 + -35. Let v = 4 + -2. Suppose -v*m = -3*m + 9. What is the greatest common divisor of m and a?
9
Let b(f) = -9*f + 2. Let r be 4/8*-4*2. Let u be b(r). Suppose 5*k - 27 = u. Calculate the highest common factor of k and 104.
13
Let c(b) = -27*b + 3. Let o be c(-1). Let f be ((-44)/10)/((-12)/o). Suppose 4*s + 121 = 5*s. What is the highest common divisor of f and s?
11
Suppose 3*v + 2*v - 4*o - 44 = 0, 5*v - 3*o = 48. Suppose -3*h = 2*n - 184, 7*n - 8*n - 118 = -2*h. Calculate the greatest common divisor of v and h.
12
Let d(v) = 8*v + 10. Let q be d(-1). Let f be (42/(-12))/(q/(-8)). What is the highest common factor of f and 126?
14
Let m = 393 + -342. What is the greatest common factor of 9 and m?
3
Suppose 25*n - 27580 - 30445 = 0. What is the highest common divisor of n and 11?
11
Suppose 6*x - x - 275 = 0. Let u be x - (5/(-10) - 1/2). Calculate the greatest common factor of 7 and u.
7
Suppose 265 = 5*f + 5*p, -2*f + 128 = -2*p + 26. Calculate the greatest common factor of 39 and f.
13
Let y(w) = -w**3 + 2*w**2 + w + 2. Suppose 4*a = 3*u, -4*a + 3*u - 5*u = 0. Let j be y(a). Let i = 5 + -3. Calculate the highest common factor of j and i.
2
Suppose v - 54*a + 53*a = 33, -3*a - 165 = -5*v. Calculate the highest common factor of v and 1221.
33
Let k = -931 - -956. Calculate the greatest common factor of 40 and k.
5
Let y be 3/(-12)*120/(-6). Suppose -310 = 4*f - 35*f. Calculate the highest common divisor of y and f.
5
Let w be 15/((-66)/(-12) - 4). Calculate the greatest common factor of 35 and w.
5
Suppose -3*f = -101 - 25. Calculate the greatest common divisor of f and 147.
21
Let x be -4 - -1 - 183*(-24)/36. What is the highest common divisor of x and 14?
7
Let o be 4/18 + 9470/(-90). Let r = o - -196. Let b(p) = p**3 + 6*p**2 - 8*p + 6. Let g be b(-7). Calculate the highest common factor of g and r.
13
Let r(i) = -9 - 5*i**3 + 87 + 4*i**3. Let o be r(0). Suppose 14*d = -162 + 890. Calculate the highest common factor of d and o.
26
Let w be (4/(-12) + 0)*-75. Suppose c = 3, y - 5*c = -w + 8. Let i = y + 23. Calculate the greatest common factor of i and 168.
21
Let b be 4/((-1)/(-1 - -2)). Let g(i) = -i**2 - 3*i - 2. Let q be g(b). Let d be 70*3*(-1)/q. What is the highest common divisor of 5 and d?
5
Let t be 65/(3/3) + -2. Let s be (t/(-14) + 4)/(2/(-60)). What is the highest common factor of 20 and s?
5
Let p be (300/(-24) + -10)/((-2)/36). What is the greatest common factor of 15 and p?
15
Suppose -3*i - 150 = -5*q, -4*q = 4*i - 87 - 65. Let r be (-34)/(-3) - (-1)/(-3). Calculate the greatest common divisor of q and r.
11
Suppose -150 = -l + 2*p, -l + 83 = -3*p - 65. Let r(t) = t**3 - 8*t**2 + 8*t + 7. Let x be r(7). Calculate the greatest common divisor of l and x.
14
Let m be 210/(-4)*8/(-4). Suppose 2*p + m = -3*p. Let k = p - -23. Calculate the greatest common factor of k and 16.
2
Suppose 22*n - 1152 - 1510 = 0. Calculate the greatest common divisor of n and 22.
11
Let x(y) = y**3 - 10*y**2 + 15*y - 6. Let s(w) = -w**3 - 3*w**2 + w - 2. Let z be s(-4). Let i be x(z). Calculate the greatest common factor of i and 18.
18
Suppose 9*n - 32481 = -11313. Calculate the highest common factor of 56 and n.
56
Let v = 8 + -5. Suppose -8*s - 3*t - 7 = -3*s, 2*s = v*t + 14. Let j be -7*(0 + -3)*s. What is the greatest common factor of 14 and j?
7
Suppose -x + 141 = 2*q, q + 4*x - 33 - 41 = 0. Calculate the greatest common factor of 30 and q.
10
Let o(k) be the third derivative of -k**4 - 5*k**2. Let c be o(-1). What is the highest common factor of 8 and c?
8
Suppose 5*i + 32 = 3*y, -4*y = 5*i - 13 - 18. Calculate the greatest common factor of y and 27.
9
Let f be (-532)/(-56)*10/5. Suppose 5*p + 0*p = 460. Suppose -p = -z + 3. What is the greatest common factor of f and z?
19
Suppose -h + 76 = h + 5*p, 5*p + 36 = 2*h. Calculate the greatest common divisor of h and 56.
28
Suppose 0 = -2*d - 4 - 0. Let l = 13 - 